 + 0*b**2 + 26*b - 4. What is the remainder when k(0) is divided by 9?
8
Suppose -g + 2*f = 0, -5*g + 4*f + 9 = -9. Suppose -2 - g = -4*s. Suppose s*p + 47 = 5*k, 3*k + 23 = 4*k + 3*p. Calculate the remainder when k is divided by 6.
5
Suppose 3*a = 4*a + 14. Let r = -10 - a. What is the remainder when r is divided by 3?
1
Let h(r) = r**3 - 6*r**2 + 7*r. Let g be 2/(-5) - 108/(-20). What is the remainder when 29 is divided by h(g)?
9
Suppose 3 + 13 = 8*u. Let t(m) = m**3 + 5*m**2 + 5*m + 6. Calculate the remainder when u is divided by t(-4).
0
Calculate the remainder when 59 is divided by (16/12)/((-3)/(-45)).
19
Suppose -72 = -0*i + 3*i. What is the remainder when 29 is divided by 3 - 5/(10/i)?
14
Suppose 12 = -2*j + 30. What is the remainder when 26 is divided by j?
8
Let k(w) = 7*w + 43. Calculate the remainder when k(-5) is divided by 7.
1
Suppose 5*f + 3*d + d = 65, -3*f - 3*d + 42 = 0. Let w(l) = l + 18. What is the remainder when w(f) is divided by 6?
3
Let g = -36 - -160. Suppose 0 = -0*j - 2*j + g. What is the remainder when j is divided by 13?
10
Suppose 0*k = k. Suppose k*h = 4*h - 104. Calculate the remainder when 77 is divided by h.
25
Let t = 60 - 38. Calculate the remainder when t is divided by 12.
10
Suppose 4*s - 18 = 6. What is the remainder when 10 is divided by s?
4
Let k(q) = 8*q - 3. Calculate the remainder when 23 is divided by k(2).
10
Let w(f) = -7*f - 24. Calculate the remainder when w(-11) is divided by 18.
17
Let b be 2/(-10) + 27/(-15). Let o(t) = 6*t**2 - 3*t - 5. What is the remainder when o(b) is divided by 13?
12
Let g(z) = -7*z - 2. Let f be g(9). What is the remainder when (-9)/(-27) - f/3 is divided by 6?
4
Let t(s) = s**3 + 6*s**2 - 3*s + 2. Calculate the remainder when 75 is divided by t(-3).
37
Let i(n) = -2*n**2 + 40*n - 52. Calculate the remainder when i(18) is divided by 13.
7
Let z be (-20)/15*3/(-2). Calculate the remainder when 15 is divided by 8/(-6)*(-12)/z.
7
Suppose j + 598 = 14*j. Calculate the remainder when j is divided by 10.
6
What is the remainder when (-6)/(-9) + -2*(-129)/18 is divided by 7?
1
Let c = 32 + -15. Suppose -x + c = -20. Calculate the remainder when x is divided by 19.
18
Let r = 11 - 8. Let j be r/(-9)*0 - 0. Let i = j + 4. Calculate the remainder when i is divided by 3.
1
Suppose 8*g = 13*g - 25. What is the remainder when 19 is divided by g?
4
Let m be 43/(-2) + (-1)/(-2). Let t = 13 - m. Calculate the remainder when t is divided by 9.
7
Let p(f) = -f**2 + 10*f - 8. Calculate the remainder when 51 is divided by p(7).
12
Let p = 28 - 10. Let z be 0*((-2)/2)/(-1). Let v(f) = -f**2 + f + 34. What is the remainder when v(z) is divided by p?
16
Let d = 131 + -91. Calculate the remainder when d is divided by 1*19 - (-185)/(-37).
12
Suppose -r = 4*w + 4, 5*r - 56 = -0*w - w. Suppose -4*j = -4*k + 196, -k - 5*j - 7 = -44. What is the remainder when k is divided by r?
11
Let l(r) = -3*r - 2. What is the remainder when l(-12) is divided by 18?
16
Suppose -1217 = -4*b - 397. Suppose m = 5*i - 41, -5*m - 3*i - b = 2*i. Let v = 67 + m. What is the remainder when v is divided by 7?
5
Let u(t) = t**2 + 2*t - 4. Let v be u(-4). Suppose 4*i - 3*g - 40 = 0, 5*i + 10 = -v*g + 29. Let b = 52 + -33. What is the remainder when b is divided by i?
5
Let j be ((-3)/(-6))/(2/4). Suppose 4*o + 0*d - 21 = 3*d, -4*d + 16 = 2*o. Let m = o - j. What is the remainder when m is divided by 3?
2
Suppose 3*u = -5*g + 71, -g - 3*u + 1 + 6 = 0. Let p be (-9)/6*8/(-6). Suppose -p*k - 3*k = -45. Calculate the remainder when g is divided by k.
7
Let h = 1 + 34. Calculate the remainder when h is divided by 4.
3
Suppose 2*g = 4*w - 28, -2*g + 7*g = -20. Let q = -8 - -27. What is the remainder when q is divided by w?
4
Suppose 4*b + 4*f - 22 - 6 = 0, b = -4*f + 16. Suppose -k - b*n + 59 = 0, -k = -n - 0*n - 69. Calculate the remainder when k is divided by 17.
16
Suppose 10*h + 3*k + 116 = 11*h, 0 = -2*h + 4*k + 226. Calculate the remainder when h is divided by 27.
26
Let n(s) = -s**2 - 9*s - 1. Let w be n(-7). Suppose -5*t + t - 2 = 2*u, 3*u + w = 4*t. Calculate the remainder when ((-81)/6)/(t/(-2)) is divided by 15.
12
Let r(j) = j + 1. Calculate the remainder when 4 is divided by r(1).
0
Calculate the remainder when 16 is divided by ((-10)/12)/((-5)/30).
1
Let t = 130 - 91. What is the remainder when t is divided by 10?
9
Suppose 10*m = 14*m - 108. What is the remainder when m is divided by ((-1)/(1/(-7)))/1?
6
Calculate the remainder when 2/(-4) - 71/(-2) is divided by 1771/99 + (-2)/(-18).
17
Calculate the remainder when (86/6 - 2)/(1/9) is divided by 38.
35
Suppose 62 = 4*z - 58. Suppose o = -z + 85. What is the remainder when o is divided by 2/(-9) + (-2595)/(-135)?
17
Let r(s) = 2*s**2 + s + 1. Let o(u) = 2*u**2 + u. Let j(p) = -3*o(p) + 4*r(p). Let d = 2 + 9. What is the remainder when j(-3) is divided by d?
8
Suppose -j + 6 = 2*x, j + 18 = 4*j - x. Let a = -9 + 29. What is the remainder when j/10 - (-374)/10 is divided by a?
18
Let w(f) = -f**3 - 2*f**2 + f. Let x be w(-2). Let n be (16/6)/(x/(-6)). Suppose 3*i - n + 2 = 0. Calculate the remainder when 5 is divided by i.
1
Let t(k) = -64*k - 2. Let h = 55 - 39. Calculate the remainder when t(-1) is divided by h.
14
Suppose -3*s - 5*l = -19, -5*s = -6*l + 2*l + 30. Let q be 34/6 - s/6. Suppose -q*n + 65 = -n. Calculate the remainder when 24 is divided by n.
11
Let t = -15 + 110. Calculate the remainder when t is divided by 20.
15
Let l be -79 - 1/(-2)*2. Let o = -56 - l. Calculate the remainder when o is divided by -3 + 66/24 + (-98)/(-8).
10
Let n(p) = -2*p**2 + 53*p + 17. What is the remainder when n(25) is divided by 47?
45
Let w be -1 + 3/(-3)*9. Let l(m) = 4*m**2 - 18*m + 10. Let f(d) = d**2 - d + 1. Let y(g) = -5*f(g) + l(g). Calculate the remainder when y(w) is divided by 12.
11
Let w(m) = -m**3 - 12*m**2 + 25*m - 32. Calculate the remainder when w(-14) is divided by 1.
0
Let d = -8 + 4. Let k = d + 4. Suppose 5*z - 31 + 1 = k. What is the remainder when 16 is divided by z?
4
Let x = -24 + 44. Suppose 16 = 4*a, 4*j - x + 4 = -2*a. Suppose 4 = -2*h + 4*u, j*h - 5*h = -4*u - 2. Calculate the remainder when 11 is divided by h.
5
Suppose 147 = 5*y - 2*y. Let p = y + -22. Calculate the remainder when p is divided by 15.
12
Suppose 0 = m + i - 137, -2*m + 7*m - 685 = 2*i. Calculate the remainder when m is divided by 28.
25
Suppose 0 = -3*t + 93 + 63. What is the remainder when t is divided by 15?
7
Suppose 0 = -5*z + 2*z. Suppose j - 10 - 1 = z. Suppose j = m + m + 5*x, -4*x = -4*m + 8. What is the remainder when 5 is divided by m?
2
Suppose 87 + 41 = 5*m - g, -2 = -g. Let u(p) = p**2 - p + 9. What is the remainder when m is divided by u(0)?
8
Let p = 15 - -4. Calculate the remainder when 75 is divided by p.
18
Calculate the remainder when 55 is divided by 4 + (3 - -22 - 1).
27
Suppose -3*r - 3 = -3*s, -r + 9 = s - 0*s. Suppose s + 99 = 2*k. Calculate the remainder when k is divided by 27.
25
Suppose 4*q - 16 = 0, q + 65 = 3*x + 6*q. Calculate the remainder when 87 is divided by x.
12
Let x(l) be the third derivative of -l**6/120 + l**5/10 - l**4/6 + l**3/3 - 2*l**2. Let t(k) = k**2 - k + 9. What is the remainder when t(6) is divided by x(2)?
9
Suppose 7 = 5*f + 2. Let u = -5 - -2. Let s = u - -5. Calculate the remainder when s is divided by f.
0
Suppose 7*a = 3*a + 12. What is the remainder when a is divided by 1?
0
Let r be 2/(-5)*1*-5. Let f = 5 + r. Calculate the remainder when f is divided by 3.
1
Let k(j) = j + 7. Let t be k(-4). Suppose -4*m = t*g - 68, -30 = 5*m - 2*g - 92. Calculate the remainder when 41 is divided by m.
13
Suppose -3*a - o = 3, -2*a + 2*o + 2*o + 12 = 0. Suppose 5*z = -a*z + 15. Calculate the remainder when 2 - (0 + 0 + -2) is divided by z.
1
Suppose -g + 5 = -1. Calculate the remainder when 10 is divided by g.
4
Suppose -4*u + 9 = l, 0 = -l - 1 - 2. Suppose z = -u*z + 176. What is the remainder when z is divided by 4/(12/5)*9?
14
Suppose -2*b = z - 39, 0 = 4*b - 4*z + 32 - 116. Let h(m) = 1 + 5*m**2 - 2 - 5*m - 3 + 6*m. What is the remainder when h(-3) is divided by b?
18
Let x(m) = 7*m - 3. Suppose -2*f - 5 + 9 = 0. Calculate the remainder when x(f) is divided by 4.
3
Let f = -14 - -26. Let o be 2/(-4) - 10/(-4). Suppose -o*